the highest common divisor of u and 3?
3
Let a be 4 - (-1 + 5) - (-756)/2. Calculate the highest common factor of a and 54.
54
Let x = 96 - 102. Let t be (-4)/(-6)*(-27)/x. What is the highest common factor of 1 and t?
1
Let s be (-6)/6*0/(-1). Suppose -3*f - f - 4*y + 292 = 0, s = -4*f + y + 307. What is the greatest common factor of f and 38?
38
Let k(z) = -3*z + 1. Let y(x) = -x - 1. Let a(h) = k(h) - 4*y(h). Let s be a(-6). Let g be (84/8)/(s/(-2)). Calculate the highest common factor of g and 7.
7
Suppose 0 = q - 4*q + 30. Let w be 85/(-6) + 13/78. Let j be -1 + (13 + w)*(-22)/2. What is the greatest common divisor of q and j?
10
Let j = -518 - -886. Calculate the greatest common divisor of j and 16.
16
Suppose 0 = -u + 1, 0 = 3*p + 2*u - 1 - 7. Suppose -3*a - 2*a = -25. What is the highest common divisor of p and a?
1
Let c be (-278)/(-7) + (-8)/(-28). Suppose -4*q + 160 = -c. Calculate the greatest common factor of q and 75.
25
Let f be (-1)/2 + 82/4. Suppose 3*v = f + 4. Suppose -2 = 3*c - 4*c. What is the greatest common factor of v and c?
2
Suppose -4*v - 54 = -6*v. Suppose -5*f = 4*q + 3 - 41, -3*f + v = 3*q. Calculate the greatest common factor of 7 and q.
7
Let z = -27 - -28. Let s(p) = -p + 4. Let o be s(4). Suppose o = -2*l + 5*b + 31, -b + 2*b = -z. What is the greatest common divisor of l and 117?
13
Let r = 19 - 11. Let y = -9 + r. Let s be (-102)/(-10) - y/(-5). What is the greatest common factor of 80 and s?
10
Suppose d - h + 201 = 4*d, -d - 3*h + 75 = 0. Let c be (20 - (1 - 3))/(0 - -1). Calculate the highest common divisor of d and c.
22
Suppose -3*m + o - 3 = -2, m + 1 = o. Let x be m + (-67)/(-2) - (-4)/(-8). What is the greatest common factor of 22 and x?
11
Suppose g - 1 = -7*o + 6*o, 5*o - 10 = -4*g. Suppose -j + 3*h = -h + 19, -5*j - 31 = -4*h. Let k = j + 33. Calculate the greatest common divisor of k and o.
6
Let p(r) = -13*r + 4. Let z be p(-3). Suppose 0 = 57*i - 6*i - 13158. Calculate the highest common factor of i and z.
43
Let w be -22 + 24 + (-56)/(-2). Calculate the greatest common divisor of 330 and w.
30
Let m(a) = -a**2 - 64*a - 240. Let z be m(-40). What is the greatest common divisor of z and 225?
45
Suppose 3*v - 210 = 4*y, -3*y = -2*v - 19 + 159. Calculate the greatest common factor of 28 and v.
14
Let b = 106 + -100. Let o be 102 - b/(0 + -3). What is the greatest common factor of o and 13?
13
Let t be (-7)/((-28)/16) + 1. Let q be t*(-12)/(-30) - 10*-1. Calculate the greatest common factor of q and 12.
12
Let o = -21 - -71. Let n(f) = -f**3 + 4*f + 3. Let b be n(-5). Suppose -2*w + 83 = w - 2*j, b = 4*w - 2*j. Calculate the highest common factor of w and o.
25
Let z be (-78869)/(-27) + (-116)/1566. Calculate the highest common factor of z and 23.
23
Let n be 133 + (78/(-54)*6 - (-6)/9). Suppose -m = -2*m + 63. Let s = 88 - m. Calculate the greatest common divisor of n and s.
25
Let d = -7 - -20. Suppose -2*o = -o + 3*x, o - 10 = 2*x. Suppose -o*q = -2*q - 260. What is the greatest common factor of d and q?
13
Let t(n) = -54*n + 15. Let l be t(-4). Calculate the highest common divisor of 22 and l.
11
Let r(x) = -x**3 + 21*x**2 + 7*x + 19. Let d be r(19). Calculate the greatest common divisor of 92 and d.
46
Suppose -2*f - 2*f = -24. Suppose 7*k - 5*k - f = 0. Suppose -2*n + 29 + k = 0. What is the greatest common divisor of n and 64?
16
Suppose -d + 211 = -5*w, -3*d = -d - 5*w - 432. What is the highest common divisor of d and 17?
17
Suppose 4*r = 3*x + r - 36, x - 4*r - 18 = 0. Suppose 3*t = 6*t - 141. Let u = 51 - t. What is the greatest common factor of x and u?
2
Let w(y) = -8*y + 1. Let i be w(1). Let q(v) = v**3 + 10*v**2 + 11*v + 7. Let c be q(i). Calculate the highest common factor of c and 11.
11
Let s be (-4)/3 + 737/33. Let q be s*-3*10/(-45). What is the highest common factor of q and 14?
14
Let a be (-21)/(-14)*(1 + -121). Let p be 1/(4*(-1)/a). Suppose -4*x = -x - p. What is the highest common factor of 15 and x?
15
Let q(z) = z + 3. Let a be q(9). Suppose -13*o = -10*o - a. Suppose 0 = 5*k - 2*k - 12. Calculate the highest common factor of k and o.
4
Let k = 7 - 4. Suppose -59 = -o - 4*t - 0*t, 4*t = -k*o + 145. Let y = o + -35. What is the highest common divisor of y and 8?
8
Let o(w) = -2*w**2 + 46*w - 38. Let m be o(17). Calculate the greatest common divisor of m and 249.
83
Suppose 29*q - 24*q = 905. Let p = 71 + q. Calculate the highest common factor of p and 36.
36
Let i be (2/(-5))/((-8)/240). Let d = 2 + -12. Let r = i + d. What is the greatest common divisor of r and 3?
1
Suppose -3*o - 49 = -3*h + 56, 0 = -4*h - 3*o + 140. Let j = 19 + h. Calculate the greatest common factor of j and 135.
27
Suppose 0 = -q + 2*j + 40, -27*q + 30*q + 2*j - 104 = 0. What is the greatest common factor of q and 1098?
18
Let v(k) be the third derivative of k**4/24 + 43*k**3/6 + 13*k**2. Let z be v(8). Calculate the greatest common divisor of z and 34.
17
Let l = -706 + 772. Calculate the highest common factor of 242 and l.
22
Let v(r) = 4*r + 10. Suppose -l + 3 = -2. Let g be v(l). What is the greatest common divisor of 10 and g?
10
Let m(c) = 2*c**2 + 27*c - 473. Let v be m(11). Suppose -3*l + 0*l = -132. What is the greatest common divisor of l and v?
22
Let o = -814 - -842. Let f = 108 + -52. Calculate the highest common factor of f and o.
28
Suppose 0 = -y + 6*y + 170. Let q = y + 31. Let d be 1 + q + (-2 - -20). Calculate the highest common factor of 32 and d.
16
Let c(t) = 48*t + 783. Let x be c(-15). Calculate the highest common divisor of 504 and x.
63
Let m be ((-2)/(-6) + -1)*(-468)/6. What is the greatest common factor of 39 and m?
13
Suppose 0 = -k + 151 + 115. Calculate the highest common divisor of k and 76.
38
Let a(v) be the second derivative of v**5/20 - v**4/2 + 4*v**3/3 - 9*v**2 + 3*v - 8. Let w be a(6). What is the highest common divisor of 10 and w?
10
Suppose 0 = -10*k + 3*k + 826. Suppose -6*j + 3*j = 3*h - 219, 0 = -2*h + 5*j + k. Calculate the greatest common divisor of 23 and h.
23
Suppose 0 = 2*d + 24 + 2. Let m = 31 - d. Calculate the greatest common factor of 11 and m.
11
Let n = 228 + -148. Suppose 52 = 2*r - v + 25, -4*r = 2*v - 74. What is the highest common factor of r and n?
16
Let f(k) = 2*k**3 - 9*k**2 - 8*k - 4. Let r be f(7). Calculate the highest common factor of r and 37.
37
Suppose -192 - 1128 = -44*o. Calculate the highest common factor of o and 1230.
30
Suppose -8 = -k - 3*s + 30, -38 = -k + s. Let u(x) = 2*x**2 - 10*x + 7. Let r be u(6). What is the highest common factor of k and r?
19
Suppose 4*w + 12 - 32 = -g, 2*w = -3*g + 20. Calculate the highest common factor of 412 and g.
4
Suppose 0 = -b - b + 330. Suppose 12*a = 17*a - b. Suppose -a = -4*c + 35. What is the highest common divisor of c and 187?
17
Suppose -3*z - 324 = -5*a, -4*a = 4*z - 234 - 38. Suppose 7*d + 11 = 8*d. Calculate the greatest common factor of d and a.
11
Let v be ((-260)/130)/(1/(-20)). Let l = 3 - -5. What is the greatest common factor of v and l?
8
Let w(x) = x**3 - 4*x**2 - 3*x. Let b be w(-5). Let a be (-5)/(20/4)*b. Calculate the greatest common divisor of a and 30.
30
Let s = -252 - -255. What is the greatest common divisor of s and 48?
3
Let q be 14 - (-4*1 - (-4 + 0)). Suppose -3*o + 252 = -o. What is the greatest common divisor of q and o?
14
Let u(o) = o**3 + 5*o**2 - 6*o + 2. Let a be u(-6). Let f be (-1 - 26)/(78/12 + -8). Let r = f + a. What is the greatest common factor of 30 and r?
10
Let o = -905 + 913. What is the greatest common divisor of o and 424?
8
Let u = 5 - 10. Let c = 9 + u. Suppose -4*n - 3*k + 2*k = -16, -n + 3*k = -c. What is the highest common factor of 4 and n?
4
Suppose 2*t - 11 = 2*j + 9, 5*t - 40 = 4*j. Let z = j + 21. Suppose -10*h + 12*h - 22 = 0. What is the highest common divisor of z and h?
11
Suppose 0 = 5*g + 2*f - 4120, 0 = -2*g + 3*g - 4*f - 802. Calculate the highest common factor of 6 and g.
6
Suppose 3*g - 129 = -3*r, r + 2*g = 41 + 5. Let i = 26 - r. Let l be 8/i - (-792)/14. What is the highest common divisor of 7 and l?
7
Suppose 67*k = 72*k - 525. Calculate the highest common divisor of k and 70.
35
Suppose 2*k - 3*w + 20 = 21, 10 = 2*w. Calculate the highest common factor of k and 448.
8
Let m(w) = -w**2 + 12*w + 9. Let a 